    {"id":164,"date":"2016-06-10T14:41:31","date_gmt":"2016-06-10T12:41:31","guid":{"rendered":"http:\/\/www2.emiwa.pl\/?page_id=164"},"modified":"2016-06-10T14:41:31","modified_gmt":"2016-06-10T12:41:31","slug":"polityka-cookies","status":"publish","type":"page","link":"https:\/\/www.emiwa.pl\/?page_id=164","title":{"rendered":"Polityka cookies"},"content":{"rendered":"<div id=\"ca_info_plus\">\n<p>Strona <a href=\"http:\/\/www.emwia.pl\">www.emwia.pl<\/a>\u00a0 u\u017cywa plik\u00f3w Cookies do monitorowania ruchu na potrzeby statystyk Google Analytics (witryna zamieszcza w komputerze u\u017cytkownika kod zliczaj\u0105cy umo\u017cliwiaj\u0105cy zbieranie danych o u\u017cytkownikach).<\/p>\n<p>Je\u015bli chc\u0105 Pa\u0144stwo wy\u0142\u0105czy\u0107 przesy\u0142anie takich informacji, prosz\u0119 pobra\u0107 i zainstalowa\u0107 ten dodatek w u\u017cywanej przez Pa\u0144stwa przegl\u0105darce. Jest on dost\u0119pny dla: Microsoft Internet Explorer, Google Chrome, Mozilla Firefox, Apple Safari i Opera pod adresem: <a href=\"https:\/\/tools.google.com\/dlpage\/gaoptout?hl=pl\" target=\"_blank\">https:\/\/tools.google.com\/dlpage\/gaoptout?hl=pl<\/a>.<\/p>\n<p>Pliki Cookies mo\u017cna r\u00f3wnie\u017c wy\u0142\u0105czy\u0107 za pomoc\u0105 ustawie\u0144 przegl\u0105darki internetowej. Opcja \u201ePomoc\u201d dost\u0119pna w wi\u0119kszo\u015bci przegl\u0105darek podpowie w jaki spos\u00f3b mo\u017cna zrezygnowa\u0107 z umieszczania nowych plik\u00f3w cookies oraz w jaki spos\u00f3b usun\u0105\u0107 zapisane wcze\u015bniej pliki cookies. Pomoc techniczna dla najpopularniejszych przegl\u0105darek: <a href=\"http:\/\/support.microsoft.com\/kb\/196955\/pl\" target=\"_blank\">Microsoft Internet Explorer<\/a>, <a href=\"http:\/\/support.google.com\/chrome\/bin\/answer.py?hl=pl&amp;answer=95647\" target=\"_blank\">Google Chrome<\/a>, <a href=\"http:\/\/support.mozilla.org\/pl\/products\/firefox\/cookies\" target=\"_blank\">Mozilla Firefox<\/a>, <a href=\"http:\/\/help.opera.com\/Linux\/9.22\/pl\/cookies.html\" target=\"_blank\">Opera<\/a>.<\/p>\n<\/div>\n","protected":false},"excerpt":{"rendered":"<p>Strona www.emwia.pl\u00a0 u\u017cywa plik\u00f3w Cookies do monitorowania ruchu na potrzeby statystyk Google Analytics (witryna zamieszcza w komputerze u\u017cytkownika kod zliczaj\u0105cy umo\u017cliwiaj\u0105cy zbieranie danych o u\u017cytkownikach). Je\u015bli chc\u0105 Pa\u0144stwo wy\u0142\u0105czy\u0107 przesy\u0142anie takich informacji, prosz\u0119 pobra\u0107 i zainstalowa\u0107 ten dodatek w u\u017cywanej przez Pa\u0144stwa przegl\u0105darce. Jest on dost\u0119pny dla: Microsoft Internet Explorer, Google Chrome, Mozilla Firefox, Apple &hellip; <a href=\"https:\/\/www.emiwa.pl\/?page_id=164\" class=\"more-link\">Czytaj dalej <span class=\"screen-reader-text\">Polityka cookies<\/span> <span class=\"meta-nav\">&rarr;<\/span><\/a><\/p>\n","protected":false},"author":1,"featured_media":0,"parent":0,"menu_order":0,"comment_status":"closed","ping_status":"closed","template":"","meta":{"footnotes":""},"class_list":["post-164","page","type-page","status-publish","hentry"],"_links":{"self":[{"href":"https:\/\/www.emiwa.pl\/index.php?rest_route=\/wp\/v2\/pages\/164","targetHints":{"allow":["GET"]}}],"collection":[{"href":"https:\/\/www.emiwa.pl\/index.php?rest_route=\/wp\/v2\/pages"}],"about":[{"href":"https:\/\/www.emiwa.pl\/index.php?rest_route=\/wp\/v2\/types\/page"}],"author":[{"embeddable":true,"href":"https:\/\/www.emiwa.pl\/index.php?rest_route=\/wp\/v2\/users\/1"}],"replies":[{"embeddable":true,"href":"https:\/\/www.emiwa.pl\/index.php?rest_route=%2Fwp%2Fv2%2Fcomments&post=164"}],"version-history":[{"count":1,"href":"https:\/\/www.emiwa.pl\/index.php?rest_route=\/wp\/v2\/pages\/164\/revisions"}],"predecessor-version":[{"id":166,"href":"https:\/\/www.emiwa.pl\/index.php?rest_route=\/wp\/v2\/pages\/164\/revisions\/166"}],"wp:attachment":[{"href":"https:\/\/www.emiwa.pl\/index.php?rest_route=%2Fwp%2Fv2%2Fmedia&parent=164"}],"curies":[{"name":"wp","href":"https:\/\/api.w.org\/{rel}","templated":true}]}}